x + 10. Calculate the remainder when 598 is divided by c(15).
38
Let l = -65 - -101. Suppose 33 = 3*j - l. Calculate the remainder when 182 is divided by j.
21
Let v(u) = u**2 - u - 1. Let j(z) = 3*z**2 - 12*z + 2. Let t(r) = -j(r) + 2*v(r). Calculate the remainder when (399/4)/3 + (-9)/(-12) is divided by t(8).
10
Let k(n) = -n**3 + 10*n**2 + 11*n + 5. Let u be k(11). Suppose 4*o - 71 + 5 = -2*s, -u*s = -25. What is the remainder when o is divided by 9?
5
Suppose -6*c + 5*c = -z - 383, -1532 = -4*c + 2*z. Calculate the remainder when c is divided by 40.
23
Calculate the remainder when 197 is divided by -50*7/(-4)*16/56.
22
Let y(r) = -2*r**2 - 8*r. Let x be y(-6). Let t = 42 + x. Let i = -1040 - -1111. What is the remainder when i is divided by t?
17
Let r = 5 - -5. Suppose -5*o + 3*a + 122 + 25 = 0, 3*a = 3*o - 93. Calculate the remainder when o is divided by r.
7
Suppose -3*p + 65 = 4*d, 2*d - 4*d = p - 35. What is the remainder when d is divided by (1 - -3)*2*1?
4
Let j(c) = -c**2 - 3*c + 55. Let b be j(0). Suppose 0 = -4*q + 3*o + 25, 2*q + q - b = -5*o. Calculate the remainder when q is divided by 3.
1
Let t = 330 + -58. Calculate the remainder when t is divided by 56.
48
Let m be (7/(-14))/(2/24). Let q be (140/(-30))/((-4)/m). What is the remainder when 9 is divided by -1*1 + (-2 - q)?
1
What is the remainder when -1 + 124 + (27 - 9)/6 is divided by 69?
57
Let c(q) = -11*q - 436. Calculate the remainder when 303 is divided by c(-40).
3
Let y be ((-4)/10)/(2/(-10)). Suppose y*t - 2 - 4 = 0. Suppose -5*s + 104 = 5*v + 4, t*v - 20 = 5*s. What is the remainder when v is divided by 4?
3
Suppose -4*m - 2 - 2 = 0. Let r(x) = 22*x**2 + 2*x + 1. Calculate the remainder when r(m) is divided by 1 + (-5)/3*-3.
3
Let o(v) = -v**2 - 3 - 4*v - 5*v + 3*v**2 + 5*v. Calculate the remainder when 25 is divided by o(-2).
12
Let h(i) = -i - 7. Let s be h(-11). Suppose -4*w = o - 0*o - 82, s*o + 72 = 4*w. What is the remainder when 38 is divided by w?
18
Let o = 219 + -125. What is the remainder when o is divided by 16?
14
What is the remainder when (-34)/(-8) - (-1)/(-4) is divided by (21/(-14)*(-6)/9)/1?
0
Let l(y) = -y**3 + 15*y**2 + 28. Calculate the remainder when l(13) is divided by 128.
110
Suppose 4*y = -0*b + b + 65, -2*b = -y + 18. Let s be ((0 - 2)/(-2))/(1/(-235)). What is the remainder when (-3)/(-2)*(5 + s/(-15)) is divided by y?
15
Suppose 0 = -3*z + 6, -4*p + 41 + 1 = 5*z. Calculate the remainder when 111 is divided by p.
7
Suppose -7*c - 398 + 972 = 0. Calculate the remainder when c is divided by 33.
16
Suppose -11*h - 5*g = -12*h + 80, 3*h - 259 = -4*g. What is the remainder when h is divided by 27?
4
Suppose 4*t - 394 = -2*l, -3*l = -0*t + 3*t - 297. Let z be (2*-11)/((-2)/15). Suppose -j - 4*j + z = 0. What is the remainder when t is divided by j?
32
Let t(a) = 2*a**2 - 4*a + 4. Let u be t(3). Suppose 17 = 3*h - 2*d - u, -4*d - 12 = 0. Let z = -2072 + 2083. What is the remainder when z is divided by h?
4
Suppose -90 = 143*d - 145*d. Let b = 33 + d. Calculate the remainder when b is divided by 28.
22
Suppose 2*t = 4*l + 150, 7*l - 235 = -3*t + 8*l. What is the remainder when t is divided by 10?
9
Suppose -o + 140 = 4*o. What is the remainder when 39 is divided by 35*(1 + (-20)/o)?
9
Suppose -22*w = -467 - 2437. Calculate the remainder when w is divided by 28.
20
Suppose -4*a + 59 = -197. Suppose 5*r - 31 = 2*k, r + 4 = -0*r - 3*k. Suppose -4*n - 13 = -r*n. What is the remainder when a is divided by n?
12
Let m be (1 + (-11)/4)*-4. Let c = m + -1. Suppose 84 = 43*r - 862. Calculate the remainder when r is divided by c.
4
Suppose l - 6 = -2. Let m = 249 - 246. Calculate the remainder when l is divided by m.
1
Let q(o) = -o**3 + 2*o**2 + 8*o + 11. Calculate the remainder when 348 is divided by q(-2).
7
Suppose -2*i = 5*k - 462, 3*k + 5*i - 74 = 2*k. Calculate the remainder when k is divided by 51.
43
Let o be (-46)/207 - 281/(-9). Let s = o - -13. What is the remainder when s is divided by 16?
12
Let z = 451 - 443. Calculate the remainder when 247 is divided by z.
7
Let b be 8/(-6) + (-3)/(-9). Let t(v) = -86*v**3 + 1. Let f be t(b). Suppose f = 6*i - 5*i. What is the remainder when i is divided by 22?
21
Suppose -3*y = 5*a - 285, -4*a - 62 + 344 = 3*y. Let o = y + -19. Calculate the remainder when o is divided by 24.
23
Let c(p) = 17*p + 151. What is the remainder when c(6) is divided by 17?
15
Let y = 255 + -178. Let w be (17 + -16)*5*1. Suppose y = -4*l - g + 276, -5 = w*g. What is the remainder when l is divided by 13?
11
Let l = -57 - -57. Suppose 4*g - 507 + 79 = l. Calculate the remainder when g is divided by 18.
17
Suppose -31 = -15*m + 29. What is the remainder when 179 is divided by m?
3
Let r = 299 - 296. Let v = 3 - 5. Calculate the remainder when (r - (-5)/v)*130 is divided by 22.
21
Suppose -4 = g - 3*g. Let m be (1 + g)/(6/4). Suppose -12 = -m*s - 2*s. Calculate the remainder when 9 is divided by s.
0
Let j be (-8)/10*(-12 + -3). Suppose -j*c + 165 = -7*c. What is the remainder when c is divided by 9?
6
Let t(n) = n + 16. Let s be t(-9). What is the remainder when 87 is divided by (10/(-4))/(s/(-84))?
27
Let s(x) = x**2 - 24*x + 15. Let n(w) = w**2 - 23*w + 15. Let i(q) = 2*n(q) - 3*s(q). Calculate the remainder when 26 is divided by i(25).
6
What is the remainder when 40 is divided by (-2)/(-2) - (-2 - (11 + -8))?
4
Let i be 2/(-3) - 1*2710/(-15). Suppose -5*s = 3*w - 97, -5*w + i = -5*s + 5. What is the remainder when w is divided by 12?
10
Suppose 3 + 5 = -3*x - 2*f, -3*f + 7 = -5*x. Let p(r) = r**2 - 4*r - 4. Calculate the remainder when (28 - 1) + (1 - -1) is divided by p(x).
5
Let y(r) = -5*r - 12 + 2*r + 1 - 2*r. Suppose 2*p = -37 + 17. Calculate the remainder when y(p) is divided by 20.
19
Suppose 30*q - 66 = 27*q. Let g = 24 - q. Suppose 4*x + 5 - 17 = 0. Calculate the remainder when x is divided by g.
1
Let q(c) = c**3 - 6*c**2 + 7*c - 6. Calculate the remainder when ((-38)/(-247))/((-12)/(-546)) is divided by q(5).
3
Suppose 76 - 112 = -9*q. Let d be -5*(-2 + (-6)/(-5)). Suppose -35 + 7 = -d*x. Calculate the remainder when x is divided by q.
3
Let f = -151 - -224. Suppose -f = -4*d - 3*c, 0 = 2*d - 4*c - 14 - 6. What is the remainder when d is divided by 12?
4
Let n(z) = z**2 - 11*z - 1. Let p(b) = 10*b**2 + b + 1. Let m be p(5). Suppose -4*s + m = -32. Calculate the remainder when s is divided by n(13).
22
Suppose -5*y = -4*y + 5*f - 51, -4*y - f + 109 = 0. What is the remainder when 117 is divided by y?
13
Suppose -5*n + 5*a = -25, 3*a + 8 + 7 = 0. Suppose -2*b + 3*h = -104, -h - h + 8 = n. What is the remainder when b is divided by 15?
13
Let k(w) = 3*w**2 + 19*w - 24. What is the remainder when k(-20) is divided by 38?
36
Let w(p) = -p**2 - p + 36. Let g(i) = i**3 - 6*i**2 + 6*i - 3. Let l be g(5). Suppose -l*v + 37 - 11 = 0. Calculate the remainder when w(0) is divided by v.
10
Suppose -34 = -5*t + 6. Suppose t*r - 6*r = 0. Suppose -4*p = 5*x - 82, r = -2*p - p + 4*x + 46. What is the remainder when p is divided by 7?
4
What is the remainder when 245 is divided by 16 + 4 + -13 - (-6)/1?
11
Let a(q) = -8*q**3 - 2*q**2 + 2*q. Let h be a(1). What is the remainder when (-61 - 7)*((-10)/h + -2) is divided by 18?
15
Let v = 2264 - 2245. Calculate the remainder when v is divided by (0 + 1)/((-2)/(-6)).
1
Let t = -7 - -14. Suppose 4*w - 2*g - t = -29, 5*w = g - 20. Calculate the remainder when 45 is divided by (-10)/(-15) + (-46)/w.
13
Calculate the remainder when 2/2*(219 + -79) is divided by 113.
27
Let j = -285 - -360. What is the remainder when j is divided by 13?
10
Suppose -8*s + 75 = -5*s. Let m(u) = -u**3 + 9*u**2 - u + 5. What is the remainder when m(7) is divided by s?
21
Let c(d) = -d**2 - 17*d + 17. Let u be c(-16). Let z = u - 0. What is the remainder when z is divided by 18?
15
Suppose -12*l + 1255 = 1015. Let v(n) = -n**2 + 73. What is the remainder when v(0) is divided by l?
13
Suppose 2*p = 4*g - 184, -4*g - 4*p + 192 = -8*p. What is the remainder when 746 is divided by g?
42
Suppose 3*m = 76 - 16. Suppose 5*l + 4*c = -24 - 12, 5*c = -3*l - 19. Let x(u) = -2*u - 5. Calculate the remainder when m is divided by x(l).
9
Let v be (-5)/6 - (-290)/(-12). Calculate the remainder when 29/(-9) + 2/9 - v is 